Give p(11).
-117
Let m(d) = -354*d - 10257. Calculate m(-29).
9
Let o(b) = 2*b**3 - 256*b**2 - 520*b - 16. Give o(130).
-16
Let x(w) = w**2 - 1612*w - 3224. What is x(-2)?
4
Let n(j) = -20*j**2 - 55*j - 24. What is n(-2)?
6
Let p(o) = o**2 - 208*o + 4426. Give p(184).
10
Let w(o) = -o**3 - 170*o**2 - 335*o + 168. What is w(-168)?
0
Let n(k) = -k**2 + 11*k - 1. Determine n(3).
23
Let v(z) = 8*z**3 - 113*z**2 + 11*z + 44. Give v(14).
2
Let f(d) = -d**3 + 19*d**2 + 40*d + 72. What is f(20)?
472
Let j(x) = -1253*x - 6176. Calculate j(-5).
89
Let h(d) = -d**3 + 13*d**2 - 92*d + 624. Determine h(10).
4
Let p(w) = w**2 - 15*w + 192. Calculate p(9).
138
Let x(d) = -d + 40. What is x(32)?
8
Let f(s) = s**3 - 128*s**2 + 628*s - 1619. What is f(123)?
-20
Let i(q) = -86*q - 618. Determine i(-7).
-16
Let f(q) = 7*q**2 - 43*q - 100. Calculate f(-3).
92
Let j(n) = 4*n + 161. Give j(-11).
117
Let o(l) = -70*l**2 + 1053*l - 45. Calculate o(15).
0
Let s(v) = -12*v**2 + 160*v - 33. Calculate s(13).
19
Let z(v) = -153*v - 479. Give z(-3).
-20
Let u(c) = -8*c + 16. Give u(-36).
304
Let g(x) = 106*x - 7003. Give g(66).
-7
Let k(u) = 7*u**3 + 105*u**2 - 114*u - 24. Calculate k(-16).
8
Let a(v) = -5*v**3 + 131*v**2 - 39*v + 374. Determine a(26).
36
Let d(t) = 3*t**2 + 2*t - 975. Give d(-17).
-142
Let l(b) = -3*b**3 + 159*b**2 - b - 12. Calculate l(0).
-12
Let w(d) = -150*d - 2788. Determine w(-19).
62
Let s(t) = -t**3 - 8*t**2 - 33*t - 25. Determine s(-3).
29
Let l(o) = 125*o**2 - 3498*o - 50. Give l(28).
6
Let x(h) = 5*h**3 + 22*h**2 + 17*h + 3. What is x(-5)?
-157
Let k(v) = -5*v**2 - 178*v - 765. What is k(-5)?
0
Let g(i) = 220*i - 14. Give g(1).
206
Let r(y) = 560*y - 19042. Calculate r(34).
-2
Let i(o) = -3*o**2 + 45*o + 162. Calculate i(18).
0
Let k(s) = -s**3 + 9*s**2 + 64*s + 85. Give k(14).
1
Let u(x) = 497*x + 7456. Give u(-15).
1
Let d(l) = l**3 - 48*l**2 + 89*l + 105. What is d(46)?
-33
Let f(g) = g**3 + 20*g**2 + 97*g - 19. Determine f(-11).
3
Let f(l) = -69*l - 774. What is f(-11)?
-15
Let v(c) = -c**3 + 39*c**2 - 39*c + 1520. Calculate v(39).
-1
Let k(b) = 36*b - 27. Give k(1).
9
Let o(u) = -2*u**2 - 306*u - 9589. What is o(-109)?
3
Let s(f) = -19*f - 867. What is s(-46)?
7
Let y(r) = r**3 + 20*r**2 + 94*r - 9. What is y(-8)?
7
Let i(w) = 3*w**2 + 1551*w + 3107. Determine i(-2).
17
Let g(i) = -16*i + 40. Determine g(3).
-8
Let x(b) = -b**2 - 48*b - 41. Calculate x(-47).
6
Let v(s) = -s**2 - 22*s - 63. Determine v(-14).
49
Let y(h) = -h**2 + 24*h + 83. Give y(31).
-134
Let r(d) = -d**2 - 132*d - 4156. Determine r(-81).
-25
Let x(l) = -l**2 + 502*l + 502. Calculate x(-1).
-1
Let i(p) = -2*p**3 + 24*p**2 - 15*p - 46. Calculate i(11).
31
Let s(l) = -187*l - 16076. What is s(-86)?
6
Let o(s) = -4871*s - 29218. What is o(-6)?
8
Let x(k) = -k**3 - 14*k**2 + 35*k - 6. What is x(-16)?
-54
Let p(t) = t**3 - 6*t**2 - 29*t + 173. Calculate p(6).
-1
Let d(f) = -f**3 + 30*f**2 - 9*f - 519. What is d(29)?
61
Let d(i) = 1128*i + 21407. Give d(-19).
-25
Let q(s) = 12*s**2 - 20*s - 23. Give q(-2).
65
Let h(q) = -2*q**3 + 19*q**2 + 17*q - 1. Determine h(10).
69
Let s(o) = o**2 - 112*o + 1340. Determine s(98).
-32
Let n(f) = 92*f + 1760. Determine n(-22).
-264
Let p(m) = m**3 + 6*m**2 + 3*m - 16. Determine p(-3).
2
Let g(f) = -f**2 + 55*f - 755. Determine g(35).
-55
Let x(t) = 13*t**3 + 9*t**2 + 4*t - 10. What is x(2)?
138
Let a(c) = -c**3 + 63*c**2 + 77*c - 1246. What is a(64)?
-414
Let v(r) = -2*r**3 + 5*r**2 - 18*r - 64. Determine v(-2).
8
Let y(i) = 13*i + 100. Determine y(7).
191
Let a(v) = 20*v + 136. Give a(-2).
96
Let h(p) = p**3 + 15*p**2 + 17*p - 3. Determine h(-14).
-45
Let l(v) = 6*v - 173. Determine l(-30).
-353
Let p(g) = -112*g - 7180. Calculate p(-64).
-12
Let m(s) = -s**3 - 45*s**2 - 9*s - 232. Calculate m(-45).
173
Let o(y) = -9*y**3 - 248*y**2 + 114*y + 22. Give o(-28).
-34
Let r(d) = -d**2 - 78*d - 1122. Calculate r(-16).
-130
Let b(u) = -u**2 + 46*u + 45. Determine b(-1).
-2
Let p(f) = -358*f - 6499. Give p(-18).
-55
Let w(v) = 88*v - 3483. Calculate w(39).
-51
Let h(s) = -65*s**2 + 1365*s + 33. Determine h(21).
33
Let k(s) = -89*s + 458. Determine k(5).
13
Let u(x) = -x**2 - 29*x - 59. Calculate u(-26).
19
Let i(k) = -173*k + 848. Calculate i(5).
-17
Let u(s) = s**2 - 3002*s + 32902. Give u(11).
1
Let c(d) = -2*d**2 + d + 88. Determine c(-12).
-212
Let d(h) = h**3 - 6*h**2 - 28*h + 40. Calculate d(9).
31
Let v(g) = -g**2 + 10*g + 544. Calculate v(29).
-7
Let s(m) = 62*m + 2825. Calculate s(-46).
-27
Let i(x) = x**3 - 23*x**2 + 140*x - 146. Determine i(9).
-20
Let y(a) = a**3 + 19*a**2 + 105*a + 2. What is y(-5)?
-173
Let f(l) = -l**3 + 18*l**2 + 23*l - 15. Determine f(18).
399
Let y(b) = 2*b**3 + 47*b**2 - 34*b + 21. What is y(-24)?
261
Let l(u) = -122*u - 715. Determine l(0).
-715
Let g(a) = -15*a + 353. What is g(26)?
-37
Let t(b) = 101*b**3 - 4545*b**2 + b - 43. Calculate t(45).
2
Let v(z) = z**2 + 244*z + 7379. Determine v(-35).
64
Let t(c) = 209*c - 640. Determine t(3).
-13
Let p(j) = 3*j**2 + 57*j + 61. Give p(-22).
259
Let x(p) = 68*p + 1034. What is x(-14)?
82
Let r(t) = -2*t**2 - 36*t + 289. What is r(-24)?
1
Let o(d) = -d**3 - 10*d**2 + 138*d - 128. Give o(7).
5
Let d(o) = -55*o**2 + 7*o - 9. Give d(2).
-215
Let v(w) = -30*w + 109. What is v(3)?
19
Let f(b) = 167*b + 310. Give f(-2).
-24
Let a(g) = -g**3 - 59*g**2 + 124*g - 3. Determine a(2).
1
Let h(b) = 5*b**2 + 118*b + 61. Give h(-23).
-8
Let b(g) = -g**3 + 11*g**2 - 33*g + 113. What is b(14)?
-937
Let o(s) = s**3 + 36*s**2 + 72*s + 67. What is o(-34)?
-69
Let c(x) = 6*x**2 + 11*x + 23. What is c(-3)?
44
Let b(i) = -38*i - 2015. What is b(-53)?
-1
Let v(d) = 5*d**2 + 41*d - 38. Determine v(-9).
-2
Let w(g) = -g**3 + 8*g - 9. What is w(0)?
-9
Let u(b) = 2*b**2 + 18*b - 388. What is u(-18)?
-64
Let n(c) = 13*c**2 - 99*c - 11. What is n(8)?
29
Let y(i) = 155*i + 3859. Determine y(-25).
-16
Let i(v) = -60*v**2 - 1440*v + 92. Calculate i(-24).
92
Let q(l) = l**2 + 13*l + 152. Determine q(0).
152
Let l(a) = -14*a**3 - a**2 - 19*a + 28. Give l(4).
-960
Let j(o) = 37*o**2 - 7*o + 9. Give j(2).
143
Let i(f) = -f**2 + 33*f - 150. Determine i(16).
122
Let g(r) = -2*r**3 - 3*r**2 + 33*r - 154. What is g(5)?
-314
Let t(d) = -d**2 - 82*d - 375. Give t(-5).
10
Let p(k) = 2*k**3 + 8*k**2 - 49*k + 16. What is p(-8)?
-104
Let d(c) = -2*c**2 + 13*c + 539. Determine d(20).
-1
Let j(t) = -t**3 + 55*t**2 - 57*t + 138. What is j(54)?
-24
Let y(j) = -107*j**3 + j**2 - 28*j + 27. What is y(1)?
-107
Let r(d) = d**2 + 62*d - 30. Give r(-8).
-462
Let d(w) = w**2 + 7*w - 370. Give d(20).
170
Let a(f) = f**2 + 56*f + 698. Give a(-24).
-70
Let j(v) = -v**2 + 21*v - 76. Give j(16).
4
Let y(z) = -z**2 + 378*z - 16420. What is y(50)?
-20
Let c(n) = 13*n**2 + 154*n + 66. Calculate c(-12).
90
Let m(l) = -176*l + 1394. Determine m(8).
-14
Let n(y) = 10*y**2 - 5*y + 6. Give n(3).
81
Let f(v) = -1139*v + 17124. Determine f(15).
39
Let o(w) = 3*w**2 - 2*w - 55. Calculate o(-5).
30
Let a(i) = 13*i**2 + 120*i - 285. Determine a(-11).
-32
Let z(v) = 27*v + 335. Give z(-9).
92
Let z(l) = -2*l**2 + 328*l - 3640. Give z(152).
8
Let m(j) = 154*j - 3397. Give m(22).
-9
Let m(r) = -51*r - 338. What is m(-11)?
223
Let m(u) = -30*u**2 - 253*u - 101. Give m(-8).
3
Let i(g) = -4*g**2 + 123*g + 439. Determine i(34).
-3
Let b(i) = i**2 + 77*i + 914. Determine b(-14).
32
Let o(t) = -38*t - 1942. What is o(-49)?
-80
Let z(t) = 5*t**2 - 8*t + 19. Give z(2).
23
Let b(j) = -33*j**2 - 5184*j - 462. Give b(-157).
9
Let p(o) = 269*o - 1098. What is p(4)?
-22
Let r(g) = -17*g**2 + 1665*g + 86. What is r(98)?
-12
Let d(c) = 782*c + 33632. Determine d(-43).
6
Let w(s) = 2*s**2 + 271*s + 2617. Calculate w(-125).
-8
Let k(x) = -x**3 + x**2 + 2*x - 20. What is k(0)?
-20
Let o(q) = -q**2 - 78*q + 3266. What is o(30)?
26
Let m(b) = 17*b**2 + 203*b + 52. Determine m(-12).
64
Let r(a) = 13*a - 401. Calculate r(-23).
-700
Let m(z) = 6*z**2 + 38*z - 57. What is m(-5)?
-97
Let m(a) = 561*a - 21. What is m(-1)?
-582
Let m(k) = -30*k + 16. Give m(-4).
136
Let k(i) = 44*i + 4408. Give k(-100).
8
Let l(p) = -96*p + 1100. What is l(13)?
-148
Let c(a) = 8*a**3 - 3*a**2 - 7*a + 7. Give c(-4).
-525
Let n(t) = -2*t**2 - 91*t - 225. Calculate n(-39).
282
Let d(o) = -